{"id":1185,"date":"2026-08-24T21:12:10","date_gmt":"2026-08-25T01:12:10","guid":{"rendered":"https:\/\/ecole-famille-communaute.fse.ulaval.ca\/parents-needs-in-supporting-their-childs-schooling\/methodology\/phase-2-quantitative\/"},"modified":"2026-08-27T11:32:50","modified_gmt":"2026-08-27T15:32:50","slug":"phase-2-quantitative","status":"publish","type":"page","link":"https:\/\/ecole-famille-communaute.fse.ulaval.ca\/en\/parents-needs-in-supporting-their-childs-schooling\/methodology\/phase-2-quantitative\/","title":{"rendered":"Phase 2 &#8211; quantitative"},"content":{"rendered":"\n<section class=\"wp-block-csrtcommun-gutenberg-block-bloc-strate  strate bg-undefined\" aria-label=\"\"><div class=\"strate-contenu\">\n<p class=\"wp-block-paragraph\"><strong>Sample 1:<\/strong><\/p>\n\n\n\n<p class=\"wp-block-paragraph\">In late fall 2019, an email was sent, via the F\u00e9d\u00e9ration des comit\u00e9s de parents du Qu\u00e9bec, to all parent committees in the province asking them to forward to the parents of their school service center the recruitment ad to participate in our study. Following this email, 750 families (1,365 parents) expressed their interest in participating in our study.<\/p>\n\n\n\n<figure class=\"wp-block-image\"><img decoding=\"async\" src=\"https:\/\/www.besoins-parents.fse.ulaval.ca\/fichiers\/site_besoins_parents\/images\/metho.fede.png\" alt=\"\"\/><\/figure>\n\n\n\n<p class=\"wp-block-paragraph\">1 017 parents participated in the study, 63% of whom were women (M<sub>age<\/sub> = 40 years).<\/p>\n\n\n\n<p class=\"wp-block-paragraph\">The child for whom the parents provided responses: 50% girls, 25% had a diagnosis (p. ex., ADHD, ASD), 15% had special needs (p. ex., specialized services). At time 1,  children were enrolled in kindergarten (4%), Grade 1 (26%), Grade 2 (22%), Grade 3 (19%), Grade 4 (13%), Grade 5 (10%), or Grade 6 (5%).<\/p>\n<div class=\"clearFix\"><\/div><\/div><\/section>\n\n<section class=\"wp-block-csrtcommun-gutenberg-block-bloc-strate  strate bg-gris-pale\" aria-label=\"\"><div class=\"strate-contenu\">\n<p class=\"wp-block-paragraph\"><strong>Sample 2:<\/strong><\/p>\n\n\n\n<p class=\"wp-block-paragraph\">Following authorization from the Commission d&#8217;acc\u00e8s \u00e0 l&#8217;information du Qu\u00e9bec, a randomly generated list among all French-speaking Quebec students enrolled in the 1<sup>st<\/sup>\u00a0or\u00a02<sup>nd<\/sup>\u00a0grade of elementary school (2020-2021 school year<sup>1<\/sup>) by the Minist\u00e8re de l&#8217;\u00c9ducation et de l&#8217;enseignement sup\u00e9rieur (MEES) was produced. This list was stratified according to the student&#8217;s gender and the school\u2019s socioeconomic index. An oversampling of students with special needs was conducted, resulting in 50% of the list consisting of these students.<\/p>\n\n\n\n<p class=\"wp-block-paragraph\"><sup>1<\/sup>Information based on kindergarten or 1<sup>st<\/sup> grade enrollment during the 2019-2020 school year.<\/p>\n\n\n\n<p class=\"wp-block-paragraph\">In late fall of 2020, families from this list were contacted to solicit their participation in the study. About 2,991 families were reached from the initial MEES list of 5,600 (53%). Of this number, 25% declined to participate. Thus, 1,750 families agreed to participate in the study.<\/p>\n\n\n\n<figure class=\"wp-block-image size-large is-resized\"><img loading=\"lazy\" decoding=\"async\" width=\"1024\" height=\"179\" src=\"https:\/\/ecole-famille-communaute.fse.ulaval.ca\/\/app\/uploads\/2026\/05\/image-1024x179.png\" alt=\"\" class=\"wp-image-585\" style=\"width:574px\" srcset=\"https:\/\/ecole-famille-communaute.fse.ulaval.ca\/\/app\/uploads\/2026\/05\/image-1024x179.png 1024w, https:\/\/ecole-famille-communaute.fse.ulaval.ca\/\/app\/uploads\/2026\/05\/image-300x52.png 300w, https:\/\/ecole-famille-communaute.fse.ulaval.ca\/\/app\/uploads\/2026\/05\/image-768x134.png 768w, https:\/\/ecole-famille-communaute.fse.ulaval.ca\/\/app\/uploads\/2026\/05\/image.png 1375w\" sizes=\"auto, (max-width: 1024px) 100vw, 1024px\" \/><\/figure>\n\n\n\n<p class=\"wp-block-paragraph\">1,634 parents from 1,362 families have participated in the study so far, 73% of whom were women (M<sub>age<\/sub> = 38 years).<\/p>\n\n\n\n<p class=\"wp-block-paragraph\">At time 1, the children involved (62% boys) were enrolled in <strong>Grade 1 (54%)<\/strong> or <strong>Grade 2 (46%)<\/strong>. 51% of them have a diagnosis (e.g., ADHD).<\/p>\n\n\n\n<p class=\"wp-block-paragraph\"><strong>Parental participation<\/strong><\/p>\n\n\n\n<figure class=\"wp-block-image size-large\"><img loading=\"lazy\" decoding=\"async\" width=\"1024\" height=\"402\" src=\"https:\/\/ecole-famille-communaute.fse.ulaval.ca\/\/app\/uploads\/2026\/05\/tableau_participation_parents-1-1024x402.png\" alt=\"\" class=\"wp-image-788\" srcset=\"https:\/\/ecole-famille-communaute.fse.ulaval.ca\/\/app\/uploads\/2026\/05\/tableau_participation_parents-1-1024x402.png 1024w, https:\/\/ecole-famille-communaute.fse.ulaval.ca\/\/app\/uploads\/2026\/05\/tableau_participation_parents-1-300x118.png 300w, https:\/\/ecole-famille-communaute.fse.ulaval.ca\/\/app\/uploads\/2026\/05\/tableau_participation_parents-1-768x301.png 768w, https:\/\/ecole-famille-communaute.fse.ulaval.ca\/\/app\/uploads\/2026\/05\/tableau_participation_parents-1-1536x602.png 1536w, https:\/\/ecole-famille-communaute.fse.ulaval.ca\/\/app\/uploads\/2026\/05\/tableau_participation_parents-1.png 1958w\" sizes=\"auto, (max-width: 1024px) 100vw, 1024px\" \/><\/figure>\n\n\n\n<p class=\"wp-block-paragraph\"><sup>*<\/sup>Families are contacted at each measurement point. However, some choose to withdraw from the study, while others become unreachable due to outdated contact information. These families are then considered lost to follow-up.<br \/><sup>**<\/sup>At least one family member completed a questionnaire.<br \/><sup>***<\/sup>Only parents whose child were in Grade 6 participated.<br \/><br \/>Starting in <strong>Grade 5<\/strong>, children are directly invited to participate in the study. Thus, students who were in <strong>Grade 2 at Time 1<\/strong> reached <strong>Grade 5 by Time 8<\/strong>, representing approximately <strong>half of the sample<\/strong>.<\/p>\n\n\n\n<p class=\"wp-block-paragraph\"><strong>Child participation<\/strong><\/p>\n\n\n\n<figure class=\"wp-block-image size-large\"><img loading=\"lazy\" decoding=\"async\" width=\"1024\" height=\"101\" src=\"https:\/\/ecole-famille-communaute.fse.ulaval.ca\/\/app\/uploads\/2026\/05\/tableau_participation_enfants-1024x101.png\" alt=\"\" class=\"wp-image-792\" srcset=\"https:\/\/ecole-famille-communaute.fse.ulaval.ca\/\/app\/uploads\/2026\/05\/tableau_participation_enfants-1024x101.png 1024w, https:\/\/ecole-famille-communaute.fse.ulaval.ca\/\/app\/uploads\/2026\/05\/tableau_participation_enfants-300x30.png 300w, https:\/\/ecole-famille-communaute.fse.ulaval.ca\/\/app\/uploads\/2026\/05\/tableau_participation_enfants-768x76.png 768w, https:\/\/ecole-famille-communaute.fse.ulaval.ca\/\/app\/uploads\/2026\/05\/tableau_participation_enfants-1536x152.png 1536w, https:\/\/ecole-famille-communaute.fse.ulaval.ca\/\/app\/uploads\/2026\/05\/tableau_participation_enfants.png 1959w\" sizes=\"auto, (max-width: 1024px) 100vw, 1024px\" \/><\/figure>\n\n\n\n<p class=\"wp-block-paragraph\"><sup>*<\/sup>Maximum number eligible to participate.<\/p>\n<div class=\"clearFix\"><\/div><\/div><\/section>\n","protected":false},"excerpt":{"rendered":"","protected":false},"author":12,"featured_media":0,"parent":1181,"menu_order":2,"comment_status":"closed","ping_status":"closed","template":"page-secondaire-menu.php","meta":{"_acf_changed":false,"footnotes":""},"class_list":["post-1185","page","type-page","status-publish","hentry"],"acf":[],"_links":{"self":[{"href":"https:\/\/ecole-famille-communaute.fse.ulaval.ca\/en\/wp-json\/wp\/v2\/pages\/1185","targetHints":{"allow":["GET"]}}],"collection":[{"href":"https:\/\/ecole-famille-communaute.fse.ulaval.ca\/en\/wp-json\/wp\/v2\/pages"}],"about":[{"href":"https:\/\/ecole-famille-communaute.fse.ulaval.ca\/en\/wp-json\/wp\/v2\/types\/page"}],"author":[{"embeddable":true,"href":"https:\/\/ecole-famille-communaute.fse.ulaval.ca\/en\/wp-json\/wp\/v2\/users\/12"}],"replies":[{"embeddable":true,"href":"https:\/\/ecole-famille-communaute.fse.ulaval.ca\/en\/wp-json\/wp\/v2\/comments?post=1185"}],"version-history":[{"count":3,"href":"https:\/\/ecole-famille-communaute.fse.ulaval.ca\/en\/wp-json\/wp\/v2\/pages\/1185\/revisions"}],"predecessor-version":[{"id":1188,"href":"https:\/\/ecole-famille-communaute.fse.ulaval.ca\/en\/wp-json\/wp\/v2\/pages\/1185\/revisions\/1188"}],"up":[{"embeddable":true,"href":"https:\/\/ecole-famille-communaute.fse.ulaval.ca\/en\/wp-json\/wp\/v2\/pages\/1181"}],"wp:attachment":[{"href":"https:\/\/ecole-famille-communaute.fse.ulaval.ca\/en\/wp-json\/wp\/v2\/media?parent=1185"}],"curies":[{"name":"wp","href":"https:\/\/api.w.org\/{rel}","templated":true}]}}

<section class="wp-block-csrtcommun-gutenberg-block-bloc-strate  strate bg-undefined" aria-label=""><div class="strate-contenu">
<p class="wp-block-paragraph"><strong>Sample 1:</strong></p>



<p class="wp-block-paragraph">In late fall 2019, an email was sent, via the Fédération des comités de parents du Québec, to all parent committees in the province asking them to forward to the parents of their school service center the recruitment ad to participate in our study. Following this email, 750 families (1,365 parents) expressed their interest in participating in our study.</p>



<figure class="wp-block-image"><img decoding="async" src="https://www.besoins-parents.fse.ulaval.ca/fichiers/site_besoins_parents/images/metho.fede.png" alt=""/></figure>



<p class="wp-block-paragraph">1 017 parents participated in the study, 63% of whom were women (M<sub>age</sub> = 40 years).</p>



<p class="wp-block-paragraph">The child for whom the parents provided responses: 50% girls, 25% had a diagnosis (p. ex., ADHD, ASD), 15% had special needs (p. ex., specialized services). At time 1,  children were enrolled in kindergarten (4%), Grade 1 (26%), Grade 2 (22%), Grade 3 (19%), Grade 4 (13%), Grade 5 (10%), or Grade 6 (5%).</p>
<div class="clearFix"></div></div></section>

<section class="wp-block-csrtcommun-gutenberg-block-bloc-strate  strate bg-gris-pale" aria-label=""><div class="strate-contenu">
<p class="wp-block-paragraph"><strong>Sample 2:</strong></p>



<p class="wp-block-paragraph">Following authorization from the Commission d&#8217;accès à l&#8217;information du Québec, a randomly generated list among all French-speaking Quebec students enrolled in the 1<sup>st</sup> or 2<sup>nd</sup> grade of elementary school (2020-2021 school year<sup>1</sup>) by the Ministère de l&#8217;Éducation et de l&#8217;enseignement supérieur (MEES) was produced. This list was stratified according to the student&#8217;s gender and the school’s socioeconomic index. An oversampling of students with special needs was conducted, resulting in 50% of the list consisting of these students.</p>



<p class="wp-block-paragraph"><sup>1</sup>Information based on kindergarten or 1<sup>st</sup> grade enrollment during the 2019-2020 school year.</p>



<p class="wp-block-paragraph">In late fall of 2020, families from this list were contacted to solicit their participation in the study. About 2,991 families were reached from the initial MEES list of 5,600 (53%). Of this number, 25% declined to participate. Thus, 1,750 families agreed to participate in the study.</p>



<figure class="wp-block-image size-large is-resized"><img loading="lazy" decoding="async" width="1024" height="179" src="https://ecole-famille-communaute.fse.ulaval.ca//app/uploads/2026/05/image-1024x179.png" alt="" class="wp-image-585" style="width:574px" srcset="https://ecole-famille-communaute.fse.ulaval.ca//app/uploads/2026/05/image-1024x179.png 1024w, https://ecole-famille-communaute.fse.ulaval.ca//app/uploads/2026/05/image-300x52.png 300w, https://ecole-famille-communaute.fse.ulaval.ca//app/uploads/2026/05/image-768x134.png 768w, https://ecole-famille-communaute.fse.ulaval.ca//app/uploads/2026/05/image.png 1375w" sizes="auto, (max-width: 1024px) 100vw, 1024px" /></figure>



<p class="wp-block-paragraph">1,634 parents from 1,362 families have participated in the study so far, 73% of whom were women (M<sub>age</sub> = 38 years).</p>



<p class="wp-block-paragraph">At time 1, the children involved (62% boys) were enrolled in <strong>Grade 1 (54%)</strong> or <strong>Grade 2 (46%)</strong>. 51% of them have a diagnosis (e.g., ADHD).</p>



<p class="wp-block-paragraph"><strong>Parental participation</strong></p>



<figure class="wp-block-image size-large"><img loading="lazy" decoding="async" width="1024" height="402" src="https://ecole-famille-communaute.fse.ulaval.ca//app/uploads/2026/05/tableau_participation_parents-1-1024x402.png" alt="" class="wp-image-788" srcset="https://ecole-famille-communaute.fse.ulaval.ca//app/uploads/2026/05/tableau_participation_parents-1-1024x402.png 1024w, https://ecole-famille-communaute.fse.ulaval.ca//app/uploads/2026/05/tableau_participation_parents-1-300x118.png 300w, https://ecole-famille-communaute.fse.ulaval.ca//app/uploads/2026/05/tableau_participation_parents-1-768x301.png 768w, https://ecole-famille-communaute.fse.ulaval.ca//app/uploads/2026/05/tableau_participation_parents-1-1536x602.png 1536w, https://ecole-famille-communaute.fse.ulaval.ca//app/uploads/2026/05/tableau_participation_parents-1.png 1958w" sizes="auto, (max-width: 1024px) 100vw, 1024px" /></figure>



<p class="wp-block-paragraph"><sup>*</sup>Families are contacted at each measurement point. However, some choose to withdraw from the study, while others become unreachable due to outdated contact information. These families are then considered lost to follow-up.<br /><sup>**</sup>At least one family member completed a questionnaire.<br /><sup>***</sup>Only parents whose child were in Grade 6 participated.<br /><br />Starting in <strong>Grade 5</strong>, children are directly invited to participate in the study. Thus, students who were in <strong>Grade 2 at Time 1</strong> reached <strong>Grade 5 by Time 8</strong>, representing approximately <strong>half of the sample</strong>.</p>



<p class="wp-block-paragraph"><strong>Child participation</strong></p>



<figure class="wp-block-image size-large"><img loading="lazy" decoding="async" width="1024" height="101" src="https://ecole-famille-communaute.fse.ulaval.ca//app/uploads/2026/05/tableau_participation_enfants-1024x101.png" alt="" class="wp-image-792" srcset="https://ecole-famille-communaute.fse.ulaval.ca//app/uploads/2026/05/tableau_participation_enfants-1024x101.png 1024w, https://ecole-famille-communaute.fse.ulaval.ca//app/uploads/2026/05/tableau_participation_enfants-300x30.png 300w, https://ecole-famille-communaute.fse.ulaval.ca//app/uploads/2026/05/tableau_participation_enfants-768x76.png 768w, https://ecole-famille-communaute.fse.ulaval.ca//app/uploads/2026/05/tableau_participation_enfants-1536x152.png 1536w, https://ecole-famille-communaute.fse.ulaval.ca//app/uploads/2026/05/tableau_participation_enfants.png 1959w" sizes="auto, (max-width: 1024px) 100vw, 1024px" /></figure>



<p class="wp-block-paragraph"><sup>*</sup>Maximum number eligible to participate.</p>
<div class="clearFix"></div></div></section>
