{"id":898,"date":"2026-08-18T10:48:51","date_gmt":"2026-08-18T14:48:51","guid":{"rendered":"https:\/\/ecole-famille-communaute.fse.ulaval.ca\/family-school-communication-and-the-quality-of-the-teacher-parents-relationship\/"},"modified":"2026-08-18T21:34:03","modified_gmt":"2026-08-19T01:34:03","slug":"family-school-communication-and-the-quality-of-the-teacher-parents-relationship","status":"publish","type":"page","link":"https:\/\/ecole-famille-communaute.fse.ulaval.ca\/en\/family-school-communication-and-the-quality-of-the-teacher-parents-relationship\/","title":{"rendered":"Family School Communication and the Quality of the Teacher-Parents Relationship"},"content":{"rendered":"\n<section class=\"wp-block-csrtcommun-gutenberg-block-bloc-strate  strate bg-undefined\" aria-label=\"\"><div class=\"strate-contenu\">\n<p class=\"wp-block-paragraph\">This study is conducted by Catherine Ratelle, researcher at the Education Faculty at Universit\u00e9 Laval and co-directed by Isabelle Plante, researcher at the Universit\u00e9 du Qu\u00e9bec \u00e0 Montr\u00e9al (UQAM) and Isabelle Archambault and V\u00e9ronique Dup\u00e9r\u00e9, researchers at the Universit\u00e9 de Montr\u00e9al. <\/p>\n\n\n\n<p class=\"wp-block-paragraph\">This study aims to better understand the teacher-parent relationship and how it relates to communication between these two key players in a student\u2019s academic success. This study has two components:<\/p>\n\n\n\n<p class=\"wp-block-paragraph\">(1) A survey of\u00a0<strong>elementary school teachers<\/strong>\u00a0to gather their perspective on family-school communication and the quality of the teacher-parent relationship, and the factors facilitating and hindering the quality of the relationship and communication;<\/p>\n\n\n\n<p class=\"wp-block-paragraph\">(2) A survey of <strong>parents<\/strong> to gather their perspective on on family-school communication and the quality of the teacher-parent relationship, and the factors facilitating and hindering the quality of the relationship and communication, as well as to predict their school involvement with their child and their child\u2019s academic achievement.<\/p>\n\n\n\n<div class=\"wp-block-columns is-layout-flex wp-container-core-columns-is-layout-8f761849 wp-block-columns-is-layout-flex\">\n<div class=\"wp-block-column is-layout-flow wp-block-column-is-layout-flow\">\n<figure class=\"wp-block-image size-large\"><img loading=\"lazy\" decoding=\"async\" width=\"1024\" height=\"683\" src=\"https:\/\/ecole-famille-communaute.fse.ulaval.ca\/\/app\/uploads\/2026\/05\/iStock-965062974-1024x683.jpg\" alt=\"\" class=\"wp-image-438\" srcset=\"https:\/\/ecole-famille-communaute.fse.ulaval.ca\/\/app\/uploads\/2026\/05\/iStock-965062974-1024x683.jpg 1024w, https:\/\/ecole-famille-communaute.fse.ulaval.ca\/\/app\/uploads\/2026\/05\/iStock-965062974-300x200.jpg 300w, https:\/\/ecole-famille-communaute.fse.ulaval.ca\/\/app\/uploads\/2026\/05\/iStock-965062974-768x512.jpg 768w, https:\/\/ecole-famille-communaute.fse.ulaval.ca\/\/app\/uploads\/2026\/05\/iStock-965062974-1536x1024.jpg 1536w, https:\/\/ecole-famille-communaute.fse.ulaval.ca\/\/app\/uploads\/2026\/05\/iStock-965062974-2048x1365.jpg 2048w\" sizes=\"auto, (max-width: 1024px) 100vw, 1024px\" \/><\/figure>\n<\/div>\n\n\n\n<div class=\"wp-block-column is-layout-flow wp-block-column-is-layout-flow\">\n<figure class=\"wp-block-image size-full\"><a href=\"https:\/\/ecole-famille-communaute.fse.ulaval.ca\/\/app\/uploads\/2026\/05\/CR-1058_CCM_education_FINAL_FR.pdf\"><img loading=\"lazy\" decoding=\"async\" width=\"867\" height=\"572\" src=\"https:\/\/ecole-famille-communaute.fse.ulaval.ca\/\/app\/uploads\/2026\/05\/bd.FR_.jpg\" alt=\"\" class=\"wp-image-464\" srcset=\"https:\/\/ecole-famille-communaute.fse.ulaval.ca\/\/app\/uploads\/2026\/05\/bd.FR_.jpg 867w, https:\/\/ecole-famille-communaute.fse.ulaval.ca\/\/app\/uploads\/2026\/05\/bd.FR_-300x198.jpg 300w, https:\/\/ecole-famille-communaute.fse.ulaval.ca\/\/app\/uploads\/2026\/05\/bd.FR_-768x507.jpg 768w\" sizes=\"auto, (max-width: 867px) 100vw, 867px\" \/><\/a><\/figure>\n\n\n\n<p class=\"wp-block-paragraph\">Click on the image to view the full comic.<\/p>\n<\/div>\n<\/div>\n<div class=\"clearFix\"><\/div><\/div><\/section>\n","protected":false},"excerpt":{"rendered":"","protected":false},"author":12,"featured_media":0,"parent":0,"menu_order":0,"comment_status":"closed","ping_status":"closed","template":"page-principale-menu.php","meta":{"_acf_changed":false,"footnotes":""},"class_list":["post-898","page","type-page","status-publish","hentry"],"acf":[],"_links":{"self":[{"href":"https:\/\/ecole-famille-communaute.fse.ulaval.ca\/en\/wp-json\/wp\/v2\/pages\/898","targetHints":{"allow":["GET"]}}],"collection":[{"href":"https:\/\/ecole-famille-communaute.fse.ulaval.ca\/en\/wp-json\/wp\/v2\/pages"}],"about":[{"href":"https:\/\/ecole-famille-communaute.fse.ulaval.ca\/en\/wp-json\/wp\/v2\/types\/page"}],"author":[{"embeddable":true,"href":"https:\/\/ecole-famille-communaute.fse.ulaval.ca\/en\/wp-json\/wp\/v2\/users\/12"}],"replies":[{"embeddable":true,"href":"https:\/\/ecole-famille-communaute.fse.ulaval.ca\/en\/wp-json\/wp\/v2\/comments?post=898"}],"version-history":[{"count":7,"href":"https:\/\/ecole-famille-communaute.fse.ulaval.ca\/en\/wp-json\/wp\/v2\/pages\/898\/revisions"}],"predecessor-version":[{"id":946,"href":"https:\/\/ecole-famille-communaute.fse.ulaval.ca\/en\/wp-json\/wp\/v2\/pages\/898\/revisions\/946"}],"wp:attachment":[{"href":"https:\/\/ecole-famille-communaute.fse.ulaval.ca\/en\/wp-json\/wp\/v2\/media?parent=898"}],"curies":[{"name":"wp","href":"https:\/\/api.w.org\/{rel}","templated":true}]}}

<section class="wp-block-csrtcommun-gutenberg-block-bloc-strate  strate bg-undefined" aria-label=""><div class="strate-contenu">
<p class="wp-block-paragraph">This study is conducted by Catherine Ratelle, researcher at the Education Faculty at Université Laval and co-directed by Isabelle Plante, researcher at the Université du Québec à Montréal (UQAM) and Isabelle Archambault and Véronique Dupéré, researchers at the Université de Montréal. </p>



<p class="wp-block-paragraph">This study aims to better understand the teacher-parent relationship and how it relates to communication between these two key players in a student’s academic success. This study has two components:</p>



<p class="wp-block-paragraph">(1) A survey of <strong>elementary school teachers</strong> to gather their perspective on family-school communication and the quality of the teacher-parent relationship, and the factors facilitating and hindering the quality of the relationship and communication;</p>



<p class="wp-block-paragraph">(2) A survey of <strong>parents</strong> to gather their perspective on on family-school communication and the quality of the teacher-parent relationship, and the factors facilitating and hindering the quality of the relationship and communication, as well as to predict their school involvement with their child and their child’s academic achievement.</p>



<div class="wp-block-columns is-layout-flex wp-container-core-columns-is-layout-8f761849 wp-block-columns-is-layout-flex">
<div class="wp-block-column is-layout-flow wp-block-column-is-layout-flow">
<figure class="wp-block-image size-large"><img loading="lazy" decoding="async" width="1024" height="683" src="https://ecole-famille-communaute.fse.ulaval.ca//app/uploads/2026/05/iStock-965062974-1024x683.jpg" alt="" class="wp-image-438" srcset="https://ecole-famille-communaute.fse.ulaval.ca//app/uploads/2026/05/iStock-965062974-1024x683.jpg 1024w, https://ecole-famille-communaute.fse.ulaval.ca//app/uploads/2026/05/iStock-965062974-300x200.jpg 300w, https://ecole-famille-communaute.fse.ulaval.ca//app/uploads/2026/05/iStock-965062974-768x512.jpg 768w, https://ecole-famille-communaute.fse.ulaval.ca//app/uploads/2026/05/iStock-965062974-1536x1024.jpg 1536w, https://ecole-famille-communaute.fse.ulaval.ca//app/uploads/2026/05/iStock-965062974-2048x1365.jpg 2048w" sizes="auto, (max-width: 1024px) 100vw, 1024px" /></figure>
</div>



<div class="wp-block-column is-layout-flow wp-block-column-is-layout-flow">
<figure class="wp-block-image size-full"><a href="https://ecole-famille-communaute.fse.ulaval.ca//app/uploads/2026/05/CR-1058_CCM_education_FINAL_FR.pdf"><img loading="lazy" decoding="async" width="867" height="572" src="https://ecole-famille-communaute.fse.ulaval.ca//app/uploads/2026/05/bd.FR_.jpg" alt="" class="wp-image-464" srcset="https://ecole-famille-communaute.fse.ulaval.ca//app/uploads/2026/05/bd.FR_.jpg 867w, https://ecole-famille-communaute.fse.ulaval.ca//app/uploads/2026/05/bd.FR_-300x198.jpg 300w, https://ecole-famille-communaute.fse.ulaval.ca//app/uploads/2026/05/bd.FR_-768x507.jpg 768w" sizes="auto, (max-width: 867px) 100vw, 867px" /></a></figure>



<p class="wp-block-paragraph">Click on the image to view the full comic.</p>
</div>
</div>
<div class="clearFix"></div></div></section>
