{"id":902,"date":"2026-08-18T10:57:02","date_gmt":"2026-08-18T14:57:02","guid":{"rendered":"https:\/\/ecole-famille-communaute.fse.ulaval.ca\/family-school-communication-and-the-quality-of-the-teacher-parents-relationship\/about\/"},"modified":"2026-08-19T08:25:29","modified_gmt":"2026-08-19T12:25:29","slug":"about","status":"publish","type":"page","link":"https:\/\/ecole-famille-communaute.fse.ulaval.ca\/en\/family-school-communication-and-the-quality-of-the-teacher-parents-relationship\/about\/","title":{"rendered":"About"},"content":{"rendered":"\n<section class=\"wp-block-csrtcommun-gutenberg-block-bloc-strate  strate bg-undefined\" aria-label=\"\"><div class=\"strate-contenu\">\n<p class=\"wp-block-paragraph\"><strong>Funding:<\/strong><br \/>This study is funded by the Fonds de recherche du Qu\u00e9bec \u2013 Soci\u00e9t\u00e9 et culture (FRQSC) as part of the program <em>Action concert\u00e9e sur la pers\u00e9v\u00e9rance et la r\u00e9ussite scolaires<\/em>.<\/p>\n\n\n\n<figure class=\"wp-block-image size-large is-resized\"><img loading=\"lazy\" decoding=\"async\" width=\"1024\" height=\"392\" src=\"https:\/\/ecole-famille-communaute.fse.ulaval.ca\/\/app\/uploads\/2026\/08\/frq_logo_couleur-1024x392.png\" alt=\"\" class=\"wp-image-847\" style=\"width:250px\" srcset=\"https:\/\/ecole-famille-communaute.fse.ulaval.ca\/\/app\/uploads\/2026\/08\/frq_logo_couleur-1024x392.png 1024w, https:\/\/ecole-famille-communaute.fse.ulaval.ca\/\/app\/uploads\/2026\/08\/frq_logo_couleur-300x115.png 300w, https:\/\/ecole-famille-communaute.fse.ulaval.ca\/\/app\/uploads\/2026\/08\/frq_logo_couleur-768x294.png 768w, https:\/\/ecole-famille-communaute.fse.ulaval.ca\/\/app\/uploads\/2026\/08\/frq_logo_couleur.png 1034w\" sizes=\"auto, (max-width: 1024px) 100vw, 1024px\" \/><\/figure>\n\n\n\n<p class=\"wp-block-paragraph\"><strong>Partners:<\/strong><br \/>It is conducted in collaboration with the Association qu\u00e9b\u00e9coise des enseignantes et des enseignants du primaire (AQEP), the Regroupement des comit\u00e9s de parents autonomes du Qu\u00e9bec (RCPAQ), the F\u00e9d\u00e9ration des comit\u00e9s de parents du Qu\u00e9bec, the English Parents\u2019 Committee Association (EPCA) and the Centre de transfert pour la r\u00e9ussite \u00e9ducative du Qu\u00e9bec (CTREQ).<\/p>\n\n\n\n<figure class=\"wp-block-image size-large\"><img loading=\"lazy\" decoding=\"async\" width=\"1024\" height=\"252\" src=\"https:\/\/ecole-famille-communaute.fse.ulaval.ca\/\/app\/uploads\/2026\/08\/logo_partenaires_EF-1-1024x252.png\" alt=\"\" class=\"wp-image-843\" srcset=\"https:\/\/ecole-famille-communaute.fse.ulaval.ca\/\/app\/uploads\/2026\/08\/logo_partenaires_EF-1-1024x252.png 1024w, https:\/\/ecole-famille-communaute.fse.ulaval.ca\/\/app\/uploads\/2026\/08\/logo_partenaires_EF-1-300x74.png 300w, https:\/\/ecole-famille-communaute.fse.ulaval.ca\/\/app\/uploads\/2026\/08\/logo_partenaires_EF-1-768x189.png 768w, https:\/\/ecole-famille-communaute.fse.ulaval.ca\/\/app\/uploads\/2026\/08\/logo_partenaires_EF-1.png 1239w\" sizes=\"auto, (max-width: 1024px) 100vw, 1024px\" \/><\/figure>\n<div class=\"clearFix\"><\/div><\/div><\/section>\n","protected":false},"excerpt":{"rendered":"","protected":false},"author":12,"featured_media":0,"parent":898,"menu_order":0,"comment_status":"closed","ping_status":"closed","template":"page-secondaire-menu.php","meta":{"_acf_changed":false,"footnotes":""},"class_list":["post-902","page","type-page","status-publish","hentry"],"acf":[],"_links":{"self":[{"href":"https:\/\/ecole-famille-communaute.fse.ulaval.ca\/en\/wp-json\/wp\/v2\/pages\/902","targetHints":{"allow":["GET"]}}],"collection":[{"href":"https:\/\/ecole-famille-communaute.fse.ulaval.ca\/en\/wp-json\/wp\/v2\/pages"}],"about":[{"href":"https:\/\/ecole-famille-communaute.fse.ulaval.ca\/en\/wp-json\/wp\/v2\/types\/page"}],"author":[{"embeddable":true,"href":"https:\/\/ecole-famille-communaute.fse.ulaval.ca\/en\/wp-json\/wp\/v2\/users\/12"}],"replies":[{"embeddable":true,"href":"https:\/\/ecole-famille-communaute.fse.ulaval.ca\/en\/wp-json\/wp\/v2\/comments?post=902"}],"version-history":[{"count":7,"href":"https:\/\/ecole-famille-communaute.fse.ulaval.ca\/en\/wp-json\/wp\/v2\/pages\/902\/revisions"}],"predecessor-version":[{"id":950,"href":"https:\/\/ecole-famille-communaute.fse.ulaval.ca\/en\/wp-json\/wp\/v2\/pages\/902\/revisions\/950"}],"up":[{"embeddable":true,"href":"https:\/\/ecole-famille-communaute.fse.ulaval.ca\/en\/wp-json\/wp\/v2\/pages\/898"}],"wp:attachment":[{"href":"https:\/\/ecole-famille-communaute.fse.ulaval.ca\/en\/wp-json\/wp\/v2\/media?parent=902"}],"curies":[{"name":"wp","href":"https:\/\/api.w.org\/{rel}","templated":true}]}}

<section class="wp-block-csrtcommun-gutenberg-block-bloc-strate  strate bg-undefined" aria-label=""><div class="strate-contenu">
<p class="wp-block-paragraph"><strong>Funding:</strong><br />This study is funded by the Fonds de recherche du Québec – Société et culture (FRQSC) as part of the program <em>Action concertée sur la persévérance et la réussite scolaires</em>.</p>



<figure class="wp-block-image size-large is-resized"><img loading="lazy" decoding="async" width="1024" height="392" src="https://ecole-famille-communaute.fse.ulaval.ca//app/uploads/2026/08/frq_logo_couleur-1024x392.png" alt="" class="wp-image-847" style="width:250px" srcset="https://ecole-famille-communaute.fse.ulaval.ca//app/uploads/2026/08/frq_logo_couleur-1024x392.png 1024w, https://ecole-famille-communaute.fse.ulaval.ca//app/uploads/2026/08/frq_logo_couleur-300x115.png 300w, https://ecole-famille-communaute.fse.ulaval.ca//app/uploads/2026/08/frq_logo_couleur-768x294.png 768w, https://ecole-famille-communaute.fse.ulaval.ca//app/uploads/2026/08/frq_logo_couleur.png 1034w" sizes="auto, (max-width: 1024px) 100vw, 1024px" /></figure>



<p class="wp-block-paragraph"><strong>Partners:</strong><br />It is conducted in collaboration with the Association québécoise des enseignantes et des enseignants du primaire (AQEP), the Regroupement des comités de parents autonomes du Québec (RCPAQ), the Fédération des comités de parents du Québec, the English Parents’ Committee Association (EPCA) and the Centre de transfert pour la réussite éducative du Québec (CTREQ).</p>



<figure class="wp-block-image size-large"><img loading="lazy" decoding="async" width="1024" height="252" src="https://ecole-famille-communaute.fse.ulaval.ca//app/uploads/2026/08/logo_partenaires_EF-1-1024x252.png" alt="" class="wp-image-843" srcset="https://ecole-famille-communaute.fse.ulaval.ca//app/uploads/2026/08/logo_partenaires_EF-1-1024x252.png 1024w, https://ecole-famille-communaute.fse.ulaval.ca//app/uploads/2026/08/logo_partenaires_EF-1-300x74.png 300w, https://ecole-famille-communaute.fse.ulaval.ca//app/uploads/2026/08/logo_partenaires_EF-1-768x189.png 768w, https://ecole-famille-communaute.fse.ulaval.ca//app/uploads/2026/08/logo_partenaires_EF-1.png 1239w" sizes="auto, (max-width: 1024px) 100vw, 1024px" /></figure>
<div class="clearFix"></div></div></section>
