{"id":906,"date":"2026-08-18T11:10:18","date_gmt":"2026-08-18T15:10:18","guid":{"rendered":"https:\/\/ecole-famille-communaute.fse.ulaval.ca\/family-school-communication-and-the-quality-of-the-teacher-parents-relationship\/about\/team\/"},"modified":"2026-08-18T21:38:44","modified_gmt":"2026-08-19T01:38:44","slug":"team","status":"publish","type":"page","link":"https:\/\/ecole-famille-communaute.fse.ulaval.ca\/en\/family-school-communication-and-the-quality-of-the-teacher-parents-relationship\/about\/team\/","title":{"rendered":"Team"},"content":{"rendered":"\n<section class=\"wp-block-csrtcommun-gutenberg-block-bloc-strate  strate bg-undefined\" aria-label=\"\"><div class=\"strate-contenu\">\n<h2 class=\"wp-block-heading\">Principal investigator<\/h2>\n\n\n<section aria-label='Personnel' class='personnel-moteur-recherche__wrapper '><section aria-label='Liste' class=\"personnel_bloc__wrapper\">\n\t\t\t\t<div aria-live='polite' id='personnel_bloc__liste-1701' class='personnel_bloc__liste simplifie' data-category='personnel' data-categorie-personnel='' data-categories-personnel='25' data-detail='simplifie' data-affiche-image='1' data-affiche-popup='' data-lang='en'><article class=\"simplifie grid-4-posts\">\n\t\t\t\t<div>\n\t\t\t\t\t<div class=\"image\">\n\t\t\t\t\t\t<img decoding=\"async\" src=\"https:\/\/ecole-famille-communaute.fse.ulaval.ca\/\/app\/uploads\/2026\/05\/Catherine-Ratelle.jpg\" alt=\"\"\\\/><\/div>\n\t\t\t\t\t<div class=\"nom-sur-image\">\n\t\t\t\t\t\t<div>\n\t\t\t\t\t\t\t<div class=\"prenom-nom\">Catherine Ratelle<\/div>\n\t\t\t\t\t\t\t<div class=\"titre-poste\" title=\"Laval University\">Laval University<\/div>\n\t\t\t\t\t\t<\/div>\n\t\t\t\t\t<\/div>\n\t\t\t\t<\/div>\n\t\t\t<\/article><\/div><\/section><\/section>\n\n\n<h2 class=\"wp-block-heading\">Co-investigators<\/h2>\n\n\n<section aria-label='Personnel' class='personnel-moteur-recherche__wrapper '><section aria-label='Liste' class=\"personnel_bloc__wrapper\">\n\t\t\t\t<div aria-live='polite' id='personnel_bloc__liste-7827' class='personnel_bloc__liste simplifie' data-category='personnel' data-categorie-personnel='' data-categories-personnel='50' data-detail='simplifie' data-affiche-image='1' data-affiche-popup='' data-lang='en'><article class=\"simplifie grid-4-posts\">\n\t\t\t\t<div>\n\t\t\t\t\t<div class=\"image\">\n\t\t\t\t\t\t<img decoding=\"async\" src=\"https:\/\/ecole-famille-communaute.fse.ulaval.ca\/\/app\/uploads\/2026\/05\/isabelle.archambault.jpg\" alt=\"\"\\\/><\/div>\n\t\t\t\t\t<div class=\"nom-sur-image\">\n\t\t\t\t\t\t<div>\n\t\t\t\t\t\t\t<div class=\"prenom-nom\">Isabelle Archambault<\/div>\n\t\t\t\t\t\t\t<div class=\"titre-poste\" title=\"University of Montreal\">University of Montreal<\/div>\n\t\t\t\t\t\t<\/div>\n\t\t\t\t\t<\/div>\n\t\t\t\t<\/div>\n\t\t\t<\/article><article class=\"simplifie grid-4-posts\">\n\t\t\t\t<div>\n\t\t\t\t\t<div class=\"image\">\n\t\t\t\t\t\t<img decoding=\"async\" src=\"https:\/\/ecole-famille-communaute.fse.ulaval.ca\/\/app\/uploads\/2026\/05\/veronique.dupere.jpg\" alt=\"\"\\\/><\/div>\n\t\t\t\t\t<div class=\"nom-sur-image\">\n\t\t\t\t\t\t<div>\n\t\t\t\t\t\t\t<div class=\"prenom-nom\">V\u00e9ronique Dup\u00e9r\u00e9<\/div>\n\t\t\t\t\t\t\t<div class=\"titre-poste\" title=\"University of Montreal\">University of Montreal<\/div>\n\t\t\t\t\t\t<\/div>\n\t\t\t\t\t<\/div>\n\t\t\t\t<\/div>\n\t\t\t<\/article><article class=\"simplifie grid-4-posts\">\n\t\t\t\t<div>\n\t\t\t\t\t<div class=\"image\">\n\t\t\t\t\t\t<img decoding=\"async\" src=\"https:\/\/ecole-famille-communaute.fse.ulaval.ca\/\/app\/uploads\/2026\/05\/Plante_Isabelle-e1685136258285.jpg\" alt=\"\"\\\/><\/div>\n\t\t\t\t\t<div class=\"nom-sur-image\">\n\t\t\t\t\t\t<div>\n\t\t\t\t\t\t\t<div class=\"prenom-nom\">Isabelle Plante<\/div>\n\t\t\t\t\t\t\t<div class=\"titre-poste\" title=\"University of Quebec in Montreal\">University of Quebec in Montreal<\/div>\n\t\t\t\t\t\t<\/div>\n\t\t\t\t\t<\/div>\n\t\t\t\t<\/div>\n\t\t\t<\/article><\/div><\/section><\/section>\n\n\n<h2 class=\"wp-block-heading\">Coordination<\/h2>\n\n\n<section aria-label='Personnel' class='personnel-moteur-recherche__wrapper '><section aria-label='Liste' class=\"personnel_bloc__wrapper\">\n\t\t\t\t<div aria-live='polite' id='personnel_bloc__liste-5876' class='personnel_bloc__liste detaille' data-category='personnel' data-categorie-personnel='' data-categories-personnel='26' data-detail='detaille' data-affiche-image='' data-affiche-popup='' data-lang='en'><article class=\"detaille\">\n\t\t\t\t<div><div class=\"detail\">\n\t\t\t\t\t\t<div class='detail-coordonnees'>\n\t\t\t\t\t\t\t<div class=\"prenom-nom\">Noelly Lemardelet<\/div><div class=\"titre-poste\">Research Professional<\/div><div class=\"section-universite\"><div class=\"universite\">Laval University<\/div><div class=\"faculte\">Faculty of Education<\/div><div class=\"departement\">Department of Foundations and Practices in Education<\/div><\/div><div class=\"section-courriel-telephone\"><div class=\"courriel\"><a href=\"mailto:chaire.parents@fse.ulaval.ca\">chaire.parents@fse.ulaval.ca<\/a><\/div><\/div><\/div>\n\t\t\t\t\t\t  <div class='liens'><\/div><\/div>\n\t\t\t\t<\/div>\n\t\t\t<\/article><\/div><\/section><\/section><div class=\"clearFix\"><\/div><\/div><\/section>\n","protected":false},"excerpt":{"rendered":"","protected":false},"author":12,"featured_media":0,"parent":902,"menu_order":0,"comment_status":"closed","ping_status":"closed","template":"page-secondaire-menu.php","meta":{"_acf_changed":false,"footnotes":""},"class_list":["post-906","page","type-page","status-publish","hentry"],"acf":[],"_links":{"self":[{"href":"https:\/\/ecole-famille-communaute.fse.ulaval.ca\/en\/wp-json\/wp\/v2\/pages\/906","targetHints":{"allow":["GET"]}}],"collection":[{"href":"https:\/\/ecole-famille-communaute.fse.ulaval.ca\/en\/wp-json\/wp\/v2\/pages"}],"about":[{"href":"https:\/\/ecole-famille-communaute.fse.ulaval.ca\/en\/wp-json\/wp\/v2\/types\/page"}],"author":[{"embeddable":true,"href":"https:\/\/ecole-famille-communaute.fse.ulaval.ca\/en\/wp-json\/wp\/v2\/users\/12"}],"replies":[{"embeddable":true,"href":"https:\/\/ecole-famille-communaute.fse.ulaval.ca\/en\/wp-json\/wp\/v2\/comments?post=906"}],"version-history":[{"count":7,"href":"https:\/\/ecole-famille-communaute.fse.ulaval.ca\/en\/wp-json\/wp\/v2\/pages\/906\/revisions"}],"predecessor-version":[{"id":954,"href":"https:\/\/ecole-famille-communaute.fse.ulaval.ca\/en\/wp-json\/wp\/v2\/pages\/906\/revisions\/954"}],"up":[{"embeddable":true,"href":"https:\/\/ecole-famille-communaute.fse.ulaval.ca\/en\/wp-json\/wp\/v2\/pages\/902"}],"wp:attachment":[{"href":"https:\/\/ecole-famille-communaute.fse.ulaval.ca\/en\/wp-json\/wp\/v2\/media?parent=906"}],"curies":[{"name":"wp","href":"https:\/\/api.w.org\/{rel}","templated":true}]}}

<section class="wp-block-csrtcommun-gutenberg-block-bloc-strate  strate bg-undefined" aria-label=""><div class="strate-contenu">
<h2 class="wp-block-heading">Principal investigator</h2>


<section aria-label='Personnel' class='personnel-moteur-recherche__wrapper '><section aria-label='Liste' class="personnel_bloc__wrapper">
				<div aria-live='polite' id='personnel_bloc__liste-1701' class='personnel_bloc__liste simplifie' data-category='personnel' data-categorie-personnel='' data-categories-personnel='25' data-detail='simplifie' data-affiche-image='1' data-affiche-popup='' data-lang='en'><article class="simplifie grid-4-posts">
				<div>
					<div class="image">
						<img decoding="async" src="https://ecole-famille-communaute.fse.ulaval.ca//app/uploads/2026/05/Catherine-Ratelle.jpg" alt=""\/></div>
					<div class="nom-sur-image">
						<div>
							<div class="prenom-nom">Catherine Ratelle</div>
							<div class="titre-poste" title="Laval University">Laval University</div>
						</div>
					</div>
				</div>
			</article></div></section></section>


<h2 class="wp-block-heading">Co-investigators</h2>


<section aria-label='Personnel' class='personnel-moteur-recherche__wrapper '><section aria-label='Liste' class="personnel_bloc__wrapper">
				<div aria-live='polite' id='personnel_bloc__liste-7827' class='personnel_bloc__liste simplifie' data-category='personnel' data-categorie-personnel='' data-categories-personnel='50' data-detail='simplifie' data-affiche-image='1' data-affiche-popup='' data-lang='en'><article class="simplifie grid-4-posts">
				<div>
					<div class="image">
						<img decoding="async" src="https://ecole-famille-communaute.fse.ulaval.ca//app/uploads/2026/05/isabelle.archambault.jpg" alt=""\/></div>
					<div class="nom-sur-image">
						<div>
							<div class="prenom-nom">Isabelle Archambault</div>
							<div class="titre-poste" title="University of Montreal">University of Montreal</div>
						</div>
					</div>
				</div>
			</article><article class="simplifie grid-4-posts">
				<div>
					<div class="image">
						<img decoding="async" src="https://ecole-famille-communaute.fse.ulaval.ca//app/uploads/2026/05/veronique.dupere.jpg" alt=""\/></div>
					<div class="nom-sur-image">
						<div>
							<div class="prenom-nom">Véronique Dupéré</div>
							<div class="titre-poste" title="University of Montreal">University of Montreal</div>
						</div>
					</div>
				</div>
			</article><article class="simplifie grid-4-posts">
				<div>
					<div class="image">
						<img decoding="async" src="https://ecole-famille-communaute.fse.ulaval.ca//app/uploads/2026/05/Plante_Isabelle-e1685136258285.jpg" alt=""\/></div>
					<div class="nom-sur-image">
						<div>
							<div class="prenom-nom">Isabelle Plante</div>
							<div class="titre-poste" title="University of Quebec in Montreal">University of Quebec in Montreal</div>
						</div>
					</div>
				</div>
			</article></div></section></section>


<h2 class="wp-block-heading">Coordination</h2>


<section aria-label='Personnel' class='personnel-moteur-recherche__wrapper '><section aria-label='Liste' class="personnel_bloc__wrapper">
				<div aria-live='polite' id='personnel_bloc__liste-5876' class='personnel_bloc__liste detaille' data-category='personnel' data-categorie-personnel='' data-categories-personnel='26' data-detail='detaille' data-affiche-image='' data-affiche-popup='' data-lang='en'><article class="detaille">
				<div><div class="detail">
						<div class='detail-coordonnees'>
							<div class="prenom-nom">Noelly Lemardelet</div><div class="titre-poste">Research Professional</div><div class="section-universite"><div class="universite">Laval University</div><div class="faculte">Faculty of Education</div><div class="departement">Department of Foundations and Practices in Education</div></div><div class="section-courriel-telephone"><div class="courriel"><a href="mailto:chaire.parents@fse.ulaval.ca">chaire.parents@fse.ulaval.ca</a></div></div></div>
						  <div class='liens'></div></div>
				</div>
			</article></div></section></section><div class="clearFix"></div></div></section>
