{"id":923,"date":"2026-08-18T20:30:07","date_gmt":"2026-08-19T00:30:07","guid":{"rendered":"https:\/\/ecole-famille-communaute.fse.ulaval.ca\/family-school-communication-and-the-quality-of-the-teacher-parents-relationship\/results\/"},"modified":"2026-08-18T21:41:42","modified_gmt":"2026-08-19T01:41:42","slug":"results","status":"publish","type":"page","link":"https:\/\/ecole-famille-communaute.fse.ulaval.ca\/en\/family-school-communication-and-the-quality-of-the-teacher-parents-relationship\/results\/","title":{"rendered":"Results"},"content":{"rendered":"\n<section class=\"wp-block-csrtcommun-gutenberg-block-bloc-strate  strate bg-undefined\" aria-label=\"\"><div class=\"strate-contenu\">\n<p class=\"wp-block-paragraph\"><strong>Research report<\/strong><\/p>\n\n\n\n<p class=\"wp-block-paragraph\">Ratelle, C.F., Lemardelet, N., Archambault, I., Plante, I, &amp; Dup\u00e9r\u00e9, V. (2026). <em>Communication famille-\u00e9cole et qualit\u00e9 de la relation enseignant-parents : Ant\u00e9c\u00e9dents et cons\u00e9quences pour l&#8217;accompagnement scolaire du parent et la r\u00e9ussite scolaire de l&#8217;\u00e9l\u00e8ve<\/em>. Research report submitted to the Fonds de recherche du Qu\u00e9bec &#8211; Soci\u00e9t\u00e9 et Culture (FRQSC), as part of the concerted action Programme de recherche sur la pers\u00e9v\u00e9rance et la r\u00e9ussite scolaires. Universit\u00e9 Laval.<br \/><a href=\"https:\/\/ecole-famille-communaute.fse.ulaval.ca\/\/app\/uploads\/2026\/08\/rapport_catherine-ratelle_communication-famille-ecole_2026.pdf\" target=\"_blank\" rel=\"noreferrer noopener\">View the report<\/a><\/p>\n<div class=\"clearFix\"><\/div><\/div><\/section>\n\n<p class=\"wp-block-paragraph\"><\/p>\n","protected":false},"excerpt":{"rendered":"","protected":false},"author":12,"featured_media":0,"parent":898,"menu_order":0,"comment_status":"closed","ping_status":"closed","template":"page-secondaire-menu.php","meta":{"_acf_changed":false,"footnotes":""},"class_list":["post-923","page","type-page","status-publish","hentry"],"acf":[],"_links":{"self":[{"href":"https:\/\/ecole-famille-communaute.fse.ulaval.ca\/en\/wp-json\/wp\/v2\/pages\/923","targetHints":{"allow":["GET"]}}],"collection":[{"href":"https:\/\/ecole-famille-communaute.fse.ulaval.ca\/en\/wp-json\/wp\/v2\/pages"}],"about":[{"href":"https:\/\/ecole-famille-communaute.fse.ulaval.ca\/en\/wp-json\/wp\/v2\/types\/page"}],"author":[{"embeddable":true,"href":"https:\/\/ecole-famille-communaute.fse.ulaval.ca\/en\/wp-json\/wp\/v2\/users\/12"}],"replies":[{"embeddable":true,"href":"https:\/\/ecole-famille-communaute.fse.ulaval.ca\/en\/wp-json\/wp\/v2\/comments?post=923"}],"version-history":[{"count":7,"href":"https:\/\/ecole-famille-communaute.fse.ulaval.ca\/en\/wp-json\/wp\/v2\/pages\/923\/revisions"}],"predecessor-version":[{"id":966,"href":"https:\/\/ecole-famille-communaute.fse.ulaval.ca\/en\/wp-json\/wp\/v2\/pages\/923\/revisions\/966"}],"up":[{"embeddable":true,"href":"https:\/\/ecole-famille-communaute.fse.ulaval.ca\/en\/wp-json\/wp\/v2\/pages\/898"}],"wp:attachment":[{"href":"https:\/\/ecole-famille-communaute.fse.ulaval.ca\/en\/wp-json\/wp\/v2\/media?parent=923"}],"curies":[{"name":"wp","href":"https:\/\/api.w.org\/{rel}","templated":true}]}}

<section class="wp-block-csrtcommun-gutenberg-block-bloc-strate  strate bg-undefined" aria-label=""><div class="strate-contenu">
<p class="wp-block-paragraph"><strong>Research report</strong></p>



<p class="wp-block-paragraph">Ratelle, C.F., Lemardelet, N., Archambault, I., Plante, I, &amp; Dupéré, V. (2026). <em>Communication famille-école et qualité de la relation enseignant-parents : Antécédents et conséquences pour l&#8217;accompagnement scolaire du parent et la réussite scolaire de l&#8217;élève</em>. Research report submitted to the Fonds de recherche du Québec &#8211; Société et Culture (FRQSC), as part of the concerted action Programme de recherche sur la persévérance et la réussite scolaires. Université Laval.<br /><a href="https://ecole-famille-communaute.fse.ulaval.ca//app/uploads/2026/08/rapport_catherine-ratelle_communication-famille-ecole_2026.pdf" target="_blank" rel="noreferrer noopener">View the report</a></p>
<div class="clearFix"></div></div></section>

<p class="wp-block-paragraph"></p>
