{"id":927,"date":"2026-08-18T20:37:16","date_gmt":"2026-08-19T00:37:16","guid":{"rendered":"https:\/\/ecole-famille-communaute.fse.ulaval.ca\/study-on-parents-school-involvement\/"},"modified":"2026-08-26T16:40:54","modified_gmt":"2026-08-26T20:40:54","slug":"study-on-parents-school-involvement","status":"publish","type":"page","link":"https:\/\/ecole-famille-communaute.fse.ulaval.ca\/en\/study-on-parents-school-involvement\/","title":{"rendered":"Parents&#8217; school involvement"},"content":{"rendered":"\n<section class=\"wp-block-csrtcommun-gutenberg-block-bloc-strate  strate bg-undefined\" aria-label=\"\"><div class=\"strate-contenu\">\n<p class=\"wp-block-paragraph\">This study is conducted by Catherine Ratelle, St\u00e9phane Duchesne, Andr\u00e9 Plamondon and Julien Bureau, researchers at the Education Faculty at Universit\u00e9 Laval and by Isabelle Archambault from the School of Psychoeducation at Universit\u00e9 de Montr\u00e9al.<\/p>\n\n\n\n<p class=\"wp-block-paragraph\">The main objective of this study is to better understand parents&#8217; school involvement (e.g. governing board, PPO) and its effects on elementary school students&#8217; school life and academic success.<\/p>\n\n\n\n<p class=\"wp-block-paragraph\">Specifically, this study has three objectives:<\/p>\n\n\n\n<p class=\"wp-block-paragraph\">The <strong>first objective<\/strong> is to examine the perspective of parents involved in their child&#8217;s elementary school governing board.<\/p>\n\n\n\n<p class=\"wp-block-paragraph\">The <strong>second objective<\/strong> is to provide a representative profile of parents involved in these committees.<\/p>\n\n\n\n<p class=\"wp-block-paragraph\">The <strong>third objective<\/strong> is to identify the factors linked to the decision to become involved or not in these committees and to identify the barriers to this involvement.<\/p>\n\n\n\n<figure class=\"wp-block-image size-medium\"><img loading=\"lazy\" decoding=\"async\" width=\"300\" height=\"169\" src=\"https:\/\/ecole-famille-communaute.fse.ulaval.ca\/\/app\/uploads\/2026\/05\/image-bonhommes-300x169.png\" alt=\"\" class=\"wp-image-762\" srcset=\"https:\/\/ecole-famille-communaute.fse.ulaval.ca\/\/app\/uploads\/2026\/05\/image-bonhommes-300x169.png 300w, https:\/\/ecole-famille-communaute.fse.ulaval.ca\/\/app\/uploads\/2026\/05\/image-bonhommes-1024x576.png 1024w, https:\/\/ecole-famille-communaute.fse.ulaval.ca\/\/app\/uploads\/2026\/05\/image-bonhommes-768x432.png 768w, https:\/\/ecole-famille-communaute.fse.ulaval.ca\/\/app\/uploads\/2026\/05\/image-bonhommes.png 1280w\" sizes=\"auto, (max-width: 300px) 100vw, 300px\" \/><\/figure>\n<div class=\"clearFix\"><\/div><\/div><\/section>\n","protected":false},"excerpt":{"rendered":"","protected":false},"author":12,"featured_media":0,"parent":0,"menu_order":0,"comment_status":"closed","ping_status":"closed","template":"page-principale-menu-sans-parent.php","meta":{"_acf_changed":false,"footnotes":""},"class_list":["post-927","page","type-page","status-publish","hentry"],"acf":[],"_links":{"self":[{"href":"https:\/\/ecole-famille-communaute.fse.ulaval.ca\/en\/wp-json\/wp\/v2\/pages\/927","targetHints":{"allow":["GET"]}}],"collection":[{"href":"https:\/\/ecole-famille-communaute.fse.ulaval.ca\/en\/wp-json\/wp\/v2\/pages"}],"about":[{"href":"https:\/\/ecole-famille-communaute.fse.ulaval.ca\/en\/wp-json\/wp\/v2\/types\/page"}],"author":[{"embeddable":true,"href":"https:\/\/ecole-famille-communaute.fse.ulaval.ca\/en\/wp-json\/wp\/v2\/users\/12"}],"replies":[{"embeddable":true,"href":"https:\/\/ecole-famille-communaute.fse.ulaval.ca\/en\/wp-json\/wp\/v2\/comments?post=927"}],"version-history":[{"count":8,"href":"https:\/\/ecole-famille-communaute.fse.ulaval.ca\/en\/wp-json\/wp\/v2\/pages\/927\/revisions"}],"predecessor-version":[{"id":1029,"href":"https:\/\/ecole-famille-communaute.fse.ulaval.ca\/en\/wp-json\/wp\/v2\/pages\/927\/revisions\/1029"}],"wp:attachment":[{"href":"https:\/\/ecole-famille-communaute.fse.ulaval.ca\/en\/wp-json\/wp\/v2\/media?parent=927"}],"curies":[{"name":"wp","href":"https:\/\/api.w.org\/{rel}","templated":true}]}}

<section class="wp-block-csrtcommun-gutenberg-block-bloc-strate  strate bg-undefined" aria-label=""><div class="strate-contenu">
<p class="wp-block-paragraph">This study is conducted by Catherine Ratelle, Stéphane Duchesne, André Plamondon and Julien Bureau, researchers at the Education Faculty at Université Laval and by Isabelle Archambault from the School of Psychoeducation at Université de Montréal.</p>



<p class="wp-block-paragraph">The main objective of this study is to better understand parents&#8217; school involvement (e.g. governing board, PPO) and its effects on elementary school students&#8217; school life and academic success.</p>



<p class="wp-block-paragraph">Specifically, this study has three objectives:</p>



<p class="wp-block-paragraph">The <strong>first objective</strong> is to examine the perspective of parents involved in their child&#8217;s elementary school governing board.</p>



<p class="wp-block-paragraph">The <strong>second objective</strong> is to provide a representative profile of parents involved in these committees.</p>



<p class="wp-block-paragraph">The <strong>third objective</strong> is to identify the factors linked to the decision to become involved or not in these committees and to identify the barriers to this involvement.</p>



<figure class="wp-block-image size-medium"><img loading="lazy" decoding="async" width="300" height="169" src="https://ecole-famille-communaute.fse.ulaval.ca//app/uploads/2026/05/image-bonhommes-300x169.png" alt="" class="wp-image-762" srcset="https://ecole-famille-communaute.fse.ulaval.ca//app/uploads/2026/05/image-bonhommes-300x169.png 300w, https://ecole-famille-communaute.fse.ulaval.ca//app/uploads/2026/05/image-bonhommes-1024x576.png 1024w, https://ecole-famille-communaute.fse.ulaval.ca//app/uploads/2026/05/image-bonhommes-768x432.png 768w, https://ecole-famille-communaute.fse.ulaval.ca//app/uploads/2026/05/image-bonhommes.png 1280w" sizes="auto, (max-width: 300px) 100vw, 300px" /></figure>
<div class="clearFix"></div></div></section>
