{"id":993,"date":"2026-08-18T22:46:19","date_gmt":"2026-08-19T02:46:19","guid":{"rendered":"https:\/\/ecole-famille-communaute.fse.ulaval.ca\/study-on-parents-school-involvement\/results\/"},"modified":"2026-08-18T22:46:26","modified_gmt":"2026-08-19T02:46:26","slug":"results","status":"publish","type":"page","link":"https:\/\/ecole-famille-communaute.fse.ulaval.ca\/en\/study-on-parents-school-involvement\/results\/","title":{"rendered":"Results"},"content":{"rendered":"\n<section class=\"wp-block-csrtcommun-gutenberg-block-bloc-strate  strate bg-undefined\" aria-label=\"\"><div class=\"strate-contenu\">\n<p class=\"wp-block-paragraph\"><strong>Research report<\/strong><\/p>\n\n\n\n<p class=\"wp-block-paragraph\">Ratelle, C.F., Boisclair-Ch\u00e2teauvert, G., Lemardelet, N., Archambault, I., Bureau, J.S., Duchesne, S., &amp; Plamondon, A. (2024). <em>R\u00f4le des processus motivationnels sous-tendant la participation scolaire des parents et leurs impacts sur le fonctionnement des instances scolaires et la r\u00e9ussite des \u00e9l\u00e8ves<\/em>. Rapport de recherche submitted to the Fonds de recherche du Qu\u00e9bec &#8211; Soci\u00e9t\u00e9 et Culture (FRQSC), as part of the concerted action Programme de recherche sur la pers\u00e9v\u00e9rance et la r\u00e9ussite scolaires. Universit\u00e9 Laval.<br \/><a href=\"https:\/\/ecole-famille-communaute.fse.ulaval.ca\/\/app\/uploads\/2026\/08\/rapport-de-recherche_catherine-ratelle_participation-scolaire-parents.pdf\" target=\"_blank\" rel=\"noreferrer noopener\">View the report<\/a><\/p>\n\n\n\n<p class=\"wp-block-paragraph\"><strong>Brief report (March 2022)<\/strong><\/p>\n\n\n\n<p class=\"wp-block-paragraph\">At the beginning of each school year, all parents are invited to attend the annual general assembly at their child&#8217;s school. It is during this meeting that parents can learn more about the school and the ways to get involved (e.g. election of governing board members). Typically, few parents attend this meeting, prompting many questions : Who are the parents attending this meeting? What are the reasons for not attending? How can schools encourage parents\u2019 participation in this assembly? The first results of our study address these questions:<\/p>\n\n\n\n<figure class=\"wp-block-image size-large\"><img loading=\"lazy\" decoding=\"async\" width=\"1024\" height=\"652\" src=\"https:\/\/ecole-famille-communaute.fse.ulaval.ca\/\/app\/uploads\/2026\/08\/bilan.AG_.FR_-1024x652.png\" alt=\"\" class=\"wp-image-891\" srcset=\"https:\/\/ecole-famille-communaute.fse.ulaval.ca\/\/app\/uploads\/2026\/08\/bilan.AG_.FR_-1024x652.png 1024w, https:\/\/ecole-famille-communaute.fse.ulaval.ca\/\/app\/uploads\/2026\/08\/bilan.AG_.FR_-300x191.png 300w, https:\/\/ecole-famille-communaute.fse.ulaval.ca\/\/app\/uploads\/2026\/08\/bilan.AG_.FR_-768x489.png 768w, https:\/\/ecole-famille-communaute.fse.ulaval.ca\/\/app\/uploads\/2026\/08\/bilan.AG_.FR_-1536x978.png 1536w, https:\/\/ecole-famille-communaute.fse.ulaval.ca\/\/app\/uploads\/2026\/08\/bilan.AG_.FR_.png 1691w\" sizes=\"auto, (max-width: 1024px) 100vw, 1024px\" \/><\/figure>\n\n\n\n<p class=\"wp-block-paragraph\"><strong>Brief report (December 2021):<\/strong><\/p>\n\n\n\n<p class=\"wp-block-paragraph\">Overview of study participants<\/p>\n\n\n\n<figure class=\"wp-block-image size-large\"><img loading=\"lazy\" decoding=\"async\" width=\"1024\" height=\"576\" src=\"https:\/\/ecole-famille-communaute.fse.ulaval.ca\/\/app\/uploads\/2026\/08\/bilan.psparents.FR_-1024x576.png\" alt=\"\" class=\"wp-image-893\" srcset=\"https:\/\/ecole-famille-communaute.fse.ulaval.ca\/\/app\/uploads\/2026\/08\/bilan.psparents.FR_-1024x576.png 1024w, https:\/\/ecole-famille-communaute.fse.ulaval.ca\/\/app\/uploads\/2026\/08\/bilan.psparents.FR_-300x169.png 300w, https:\/\/ecole-famille-communaute.fse.ulaval.ca\/\/app\/uploads\/2026\/08\/bilan.psparents.FR_-768x432.png 768w, https:\/\/ecole-famille-communaute.fse.ulaval.ca\/\/app\/uploads\/2026\/08\/bilan.psparents.FR_-1536x864.png 1536w, https:\/\/ecole-famille-communaute.fse.ulaval.ca\/\/app\/uploads\/2026\/08\/bilan.psparents.FR_.png 1920w\" sizes=\"auto, (max-width: 1024px) 100vw, 1024px\" \/><\/figure>\n<div class=\"clearFix\"><\/div><\/div><\/section>\n","protected":false},"excerpt":{"rendered":"","protected":false},"author":13,"featured_media":0,"parent":927,"menu_order":0,"comment_status":"closed","ping_status":"closed","template":"page-secondaire-menu.php","meta":{"_acf_changed":false,"footnotes":""},"class_list":["post-993","page","type-page","status-publish","hentry"],"acf":[],"_links":{"self":[{"href":"https:\/\/ecole-famille-communaute.fse.ulaval.ca\/en\/wp-json\/wp\/v2\/pages\/993","targetHints":{"allow":["GET"]}}],"collection":[{"href":"https:\/\/ecole-famille-communaute.fse.ulaval.ca\/en\/wp-json\/wp\/v2\/pages"}],"about":[{"href":"https:\/\/ecole-famille-communaute.fse.ulaval.ca\/en\/wp-json\/wp\/v2\/types\/page"}],"author":[{"embeddable":true,"href":"https:\/\/ecole-famille-communaute.fse.ulaval.ca\/en\/wp-json\/wp\/v2\/users\/13"}],"replies":[{"embeddable":true,"href":"https:\/\/ecole-famille-communaute.fse.ulaval.ca\/en\/wp-json\/wp\/v2\/comments?post=993"}],"version-history":[{"count":3,"href":"https:\/\/ecole-famille-communaute.fse.ulaval.ca\/en\/wp-json\/wp\/v2\/pages\/993\/revisions"}],"predecessor-version":[{"id":996,"href":"https:\/\/ecole-famille-communaute.fse.ulaval.ca\/en\/wp-json\/wp\/v2\/pages\/993\/revisions\/996"}],"up":[{"embeddable":true,"href":"https:\/\/ecole-famille-communaute.fse.ulaval.ca\/en\/wp-json\/wp\/v2\/pages\/927"}],"wp:attachment":[{"href":"https:\/\/ecole-famille-communaute.fse.ulaval.ca\/en\/wp-json\/wp\/v2\/media?parent=993"}],"curies":[{"name":"wp","href":"https:\/\/api.w.org\/{rel}","templated":true}]}}

<section class="wp-block-csrtcommun-gutenberg-block-bloc-strate  strate bg-undefined" aria-label=""><div class="strate-contenu">
<p class="wp-block-paragraph"><strong>Research report</strong></p>



<p class="wp-block-paragraph">Ratelle, C.F., Boisclair-Châteauvert, G., Lemardelet, N., Archambault, I., Bureau, J.S., Duchesne, S., &amp; Plamondon, A. (2024). <em>Rôle des processus motivationnels sous-tendant la participation scolaire des parents et leurs impacts sur le fonctionnement des instances scolaires et la réussite des élèves</em>. Rapport de recherche submitted to the Fonds de recherche du Québec &#8211; Société et Culture (FRQSC), as part of the concerted action Programme de recherche sur la persévérance et la réussite scolaires. Université Laval.<br /><a href="https://ecole-famille-communaute.fse.ulaval.ca//app/uploads/2026/08/rapport-de-recherche_catherine-ratelle_participation-scolaire-parents.pdf" target="_blank" rel="noreferrer noopener">View the report</a></p>



<p class="wp-block-paragraph"><strong>Brief report (March 2022)</strong></p>



<p class="wp-block-paragraph">At the beginning of each school year, all parents are invited to attend the annual general assembly at their child&#8217;s school. It is during this meeting that parents can learn more about the school and the ways to get involved (e.g. election of governing board members). Typically, few parents attend this meeting, prompting many questions : Who are the parents attending this meeting? What are the reasons for not attending? How can schools encourage parents’ participation in this assembly? The first results of our study address these questions:</p>



<figure class="wp-block-image size-large"><img loading="lazy" decoding="async" width="1024" height="652" src="https://ecole-famille-communaute.fse.ulaval.ca//app/uploads/2026/08/bilan.AG_.FR_-1024x652.png" alt="" class="wp-image-891" srcset="https://ecole-famille-communaute.fse.ulaval.ca//app/uploads/2026/08/bilan.AG_.FR_-1024x652.png 1024w, https://ecole-famille-communaute.fse.ulaval.ca//app/uploads/2026/08/bilan.AG_.FR_-300x191.png 300w, https://ecole-famille-communaute.fse.ulaval.ca//app/uploads/2026/08/bilan.AG_.FR_-768x489.png 768w, https://ecole-famille-communaute.fse.ulaval.ca//app/uploads/2026/08/bilan.AG_.FR_-1536x978.png 1536w, https://ecole-famille-communaute.fse.ulaval.ca//app/uploads/2026/08/bilan.AG_.FR_.png 1691w" sizes="auto, (max-width: 1024px) 100vw, 1024px" /></figure>



<p class="wp-block-paragraph"><strong>Brief report (December 2021):</strong></p>



<p class="wp-block-paragraph">Overview of study participants</p>



<figure class="wp-block-image size-large"><img loading="lazy" decoding="async" width="1024" height="576" src="https://ecole-famille-communaute.fse.ulaval.ca//app/uploads/2026/08/bilan.psparents.FR_-1024x576.png" alt="" class="wp-image-893" srcset="https://ecole-famille-communaute.fse.ulaval.ca//app/uploads/2026/08/bilan.psparents.FR_-1024x576.png 1024w, https://ecole-famille-communaute.fse.ulaval.ca//app/uploads/2026/08/bilan.psparents.FR_-300x169.png 300w, https://ecole-famille-communaute.fse.ulaval.ca//app/uploads/2026/08/bilan.psparents.FR_-768x432.png 768w, https://ecole-famille-communaute.fse.ulaval.ca//app/uploads/2026/08/bilan.psparents.FR_-1536x864.png 1536w, https://ecole-famille-communaute.fse.ulaval.ca//app/uploads/2026/08/bilan.psparents.FR_.png 1920w" sizes="auto, (max-width: 1024px) 100vw, 1024px" /></figure>
<div class="clearFix"></div></div></section>
