{"id":1135,"date":"2026-08-21T10:33:57","date_gmt":"2026-08-21T14:33:57","guid":{"rendered":"https:\/\/ecole-famille-communaute.fse.ulaval.ca\/projets\/my-career-choice-lets-discuss-it\/"},"modified":"2026-08-27T11:22:00","modified_gmt":"2026-08-27T15:22:00","slug":"my-career-choice-lets-discuss-it","status":"publish","type":"projets","link":"https:\/\/ecole-famille-communaute.fse.ulaval.ca\/en\/projets\/my-career-choice-lets-discuss-it\/","title":{"rendered":"My career choice, let&#8217;s discuss it"},"content":{"rendered":"\n<section class=\"wp-block-csrtcommun-gutenberg-block-bloc-strate  strate bg-undefined\" aria-label=\"\"><div class=\"strate-contenu\">\n<p class=\"wp-block-paragraph\">The study \u201cMy career choice, let\u2019s discuss it (Mon choix de carri\u00e8re, j&#8217;en discute)\u201d is carried out under the supervision of professors Catherine Ratelle, St\u00e9phane Duchesne, and Fr\u00e9d\u00e9ric Guay from the Education Faculty at Laval University.<\/p>\n\n\n\n<div class=\"wp-block-columns is-layout-flex wp-container-core-columns-is-layout-8f761849 wp-block-columns-is-layout-flex\">\n<div class=\"wp-block-column is-layout-flow wp-block-column-is-layout-flow\">\n<p class=\"wp-block-paragraph\">This study examines the academic and family determinants of vocational decision-making and successful adaptation during the transition to college.<\/p>\n\n\n\n<p class=\"wp-block-paragraph\">(1) The <strong>first objective<\/strong> of this longitudinal study is to better identify and understand the mechanisms underlying students\u2019 career choice and to study parents\u2019 contribution during this period.<\/p>\n\n\n\n<p class=\"wp-block-paragraph\">(2) The <strong>second objective<\/strong> consists of better understanding parental involvement during their child\u2019s vocational development.<\/p>\n\n\n\n<div class=\"wp-block-csrtcommun-gutenberg-block-bloc-bouton-lien bouton-lien__wrapper texte-gauche\"><a class=\"bouton-lien gris-pale-fonce\" href=\"https:\/\/ecole-famille-communaute.fse.ulaval.ca\/en\/my-career-choice-lets-discuss-it\/\">To learn more<\/a><\/div>\n<\/div>\n\n\n\n<div class=\"wp-block-column is-layout-flow wp-block-column-is-layout-flow\">\n<figure class=\"wp-block-image size-large is-resized\"><img loading=\"lazy\" decoding=\"async\" width=\"1707\" height=\"1946\" src=\"https:\/\/ecole-famille-communaute.fse.ulaval.ca\/\/app\/uploads\/2026\/08\/main_pictures_Monchoix-scaled-e1787143626117.jpg\" alt=\"\" class=\"wp-image-1016\" style=\"width:auto;height:400px\" srcset=\"https:\/\/ecole-famille-communaute.fse.ulaval.ca\/\/app\/uploads\/2026\/08\/main_pictures_Monchoix-scaled-e1787143626117.jpg 1707w, https:\/\/ecole-famille-communaute.fse.ulaval.ca\/\/app\/uploads\/2026\/08\/main_pictures_Monchoix-scaled-e1787143626117-263x300.jpg 263w, https:\/\/ecole-famille-communaute.fse.ulaval.ca\/\/app\/uploads\/2026\/08\/main_pictures_Monchoix-scaled-e1787143626117-898x1024.jpg 898w, https:\/\/ecole-famille-communaute.fse.ulaval.ca\/\/app\/uploads\/2026\/08\/main_pictures_Monchoix-scaled-e1787143626117-768x876.jpg 768w, https:\/\/ecole-famille-communaute.fse.ulaval.ca\/\/app\/uploads\/2026\/08\/main_pictures_Monchoix-scaled-e1787143626117-1347x1536.jpg 1347w\" sizes=\"auto, (max-width: 1707px) 100vw, 1707px\" \/><\/figure>\n<\/div>\n<\/div>\n<div class=\"clearFix\"><\/div><\/div><\/section>\n","protected":false},"author":13,"featured_media":1023,"template":"","categorie_projet":[59],"class_list":["post-1135","projets","type-projets","status-publish","has-post-thumbnail","hentry","categorie_projet-high-school"],"acf":[],"_links":{"self":[{"href":"https:\/\/ecole-famille-communaute.fse.ulaval.ca\/en\/wp-json\/wp\/v2\/projets\/1135","targetHints":{"allow":["GET"]}}],"collection":[{"href":"https:\/\/ecole-famille-communaute.fse.ulaval.ca\/en\/wp-json\/wp\/v2\/projets"}],"about":[{"href":"https:\/\/ecole-famille-communaute.fse.ulaval.ca\/en\/wp-json\/wp\/v2\/types\/projets"}],"author":[{"embeddable":true,"href":"https:\/\/ecole-famille-communaute.fse.ulaval.ca\/en\/wp-json\/wp\/v2\/users\/13"}],"version-history":[{"count":5,"href":"https:\/\/ecole-famille-communaute.fse.ulaval.ca\/en\/wp-json\/wp\/v2\/projets\/1135\/revisions"}],"predecessor-version":[{"id":1598,"href":"https:\/\/ecole-famille-communaute.fse.ulaval.ca\/en\/wp-json\/wp\/v2\/projets\/1135\/revisions\/1598"}],"wp:featuredmedia":[{"embeddable":true,"href":"https:\/\/ecole-famille-communaute.fse.ulaval.ca\/en\/wp-json\/wp\/v2\/media\/1023"}],"wp:attachment":[{"href":"https:\/\/ecole-famille-communaute.fse.ulaval.ca\/en\/wp-json\/wp\/v2\/media?parent=1135"}],"wp:term":[{"taxonomy":"categorie_projet","embeddable":true,"href":"https:\/\/ecole-famille-communaute.fse.ulaval.ca\/en\/wp-json\/wp\/v2\/categorie_projet?post=1135"}],"curies":[{"name":"wp","href":"https:\/\/api.w.org\/{rel}","templated":true}]}}

<section class="wp-block-csrtcommun-gutenberg-block-bloc-strate  strate bg-undefined" aria-label=""><div class="strate-contenu">
<p class="wp-block-paragraph">The study “My career choice, let’s discuss it (Mon choix de carrière, j&#8217;en discute)” is carried out under the supervision of professors Catherine Ratelle, Stéphane Duchesne, and Frédéric Guay from the Education Faculty at Laval University.</p>



<div class="wp-block-columns is-layout-flex wp-container-core-columns-is-layout-8f761849 wp-block-columns-is-layout-flex">
<div class="wp-block-column is-layout-flow wp-block-column-is-layout-flow">
<p class="wp-block-paragraph">This study examines the academic and family determinants of vocational decision-making and successful adaptation during the transition to college.</p>



<p class="wp-block-paragraph">(1) The <strong>first objective</strong> of this longitudinal study is to better identify and understand the mechanisms underlying students’ career choice and to study parents’ contribution during this period.</p>



<p class="wp-block-paragraph">(2) The <strong>second objective</strong> consists of better understanding parental involvement during their child’s vocational development.</p>



<div class="wp-block-csrtcommun-gutenberg-block-bloc-bouton-lien bouton-lien__wrapper texte-gauche"><a class="bouton-lien gris-pale-fonce" href="https://ecole-famille-communaute.fse.ulaval.ca/en/my-career-choice-lets-discuss-it/">To learn more</a></div>
</div>



<div class="wp-block-column is-layout-flow wp-block-column-is-layout-flow">
<figure class="wp-block-image size-large is-resized"><img loading="lazy" decoding="async" width="1707" height="1946" src="https://ecole-famille-communaute.fse.ulaval.ca//app/uploads/2026/08/main_pictures_Monchoix-scaled-e1787143626117.jpg" alt="" class="wp-image-1016" style="width:auto;height:400px" srcset="https://ecole-famille-communaute.fse.ulaval.ca//app/uploads/2026/08/main_pictures_Monchoix-scaled-e1787143626117.jpg 1707w, https://ecole-famille-communaute.fse.ulaval.ca//app/uploads/2026/08/main_pictures_Monchoix-scaled-e1787143626117-263x300.jpg 263w, https://ecole-famille-communaute.fse.ulaval.ca//app/uploads/2026/08/main_pictures_Monchoix-scaled-e1787143626117-898x1024.jpg 898w, https://ecole-famille-communaute.fse.ulaval.ca//app/uploads/2026/08/main_pictures_Monchoix-scaled-e1787143626117-768x876.jpg 768w, https://ecole-famille-communaute.fse.ulaval.ca//app/uploads/2026/08/main_pictures_Monchoix-scaled-e1787143626117-1347x1536.jpg 1347w" sizes="auto, (max-width: 1707px) 100vw, 1707px" /></figure>
</div>
</div>
<div class="clearFix"></div></div></section>
