{"id":1427,"date":"2026-08-26T18:19:37","date_gmt":"2026-08-26T22:19:37","guid":{"rendered":"https:\/\/ecole-famille-communaute.fse.ulaval.ca\/ressources\/factors-associated-with-parents-psychological-needs-satisfaction-in-supporting-their-childs-schooling\/"},"modified":"2026-08-26T18:19:43","modified_gmt":"2026-08-26T22:19:43","slug":"factors-associated-with-parents-psychological-needs-satisfaction-in-supporting-their-childs-schooling","status":"publish","type":"ressources","link":"https:\/\/ecole-famille-communaute.fse.ulaval.ca\/en\/ressources\/factors-associated-with-parents-psychological-needs-satisfaction-in-supporting-their-childs-schooling\/","title":{"rendered":"Factors associated with parents\u2019 psychological needs satisfaction in supporting their child\u2019s schooling"},"content":{"rendered":"\n<section class=\"wp-block-csrtcommun-gutenberg-block-bloc-strate  strate bg-undefined\" aria-label=\"\"><div class=\"strate-contenu\">\n<div class=\"wp-block-columns is-layout-flex wp-container-core-columns-is-layout-8f761849 wp-block-columns-is-layout-flex\">\n<div class=\"wp-block-column is-layout-flow wp-block-column-is-layout-flow\">\n<p class=\"wp-block-paragraph\">What factors contribute to parents\u2019 psychological need satisfaction in the context of their involvement in their child\u2019s schooling? How are the school environment, child characteristics, and parent characteristics related to parents\u2019 psychological need satisfaction?<\/p>\n\n\n\n<p class=\"wp-block-paragraph\">This infographic presents factors associated with parents\u2019 psychological needs satisfaction in supporting their child\u2019s schooling.<\/p>\n\n\n\n<p class=\"wp-block-paragraph\">Click on the image below to view the full infographic.<\/p>\n\n\n\n<figure class=\"wp-block-image size-large\"><img loading=\"lazy\" decoding=\"async\" width=\"1024\" height=\"683\" src=\"https:\/\/ecole-famille-communaute.fse.ulaval.ca\/\/app\/uploads\/2026\/05\/pexels-august-de-richelieu-4260325-1024x683.jpg\" alt=\"\" class=\"wp-image-686\" srcset=\"https:\/\/ecole-famille-communaute.fse.ulaval.ca\/\/app\/uploads\/2026\/05\/pexels-august-de-richelieu-4260325-1024x683.jpg 1024w, https:\/\/ecole-famille-communaute.fse.ulaval.ca\/\/app\/uploads\/2026\/05\/pexels-august-de-richelieu-4260325-300x200.jpg 300w, https:\/\/ecole-famille-communaute.fse.ulaval.ca\/\/app\/uploads\/2026\/05\/pexels-august-de-richelieu-4260325-768x513.jpg 768w, https:\/\/ecole-famille-communaute.fse.ulaval.ca\/\/app\/uploads\/2026\/05\/pexels-august-de-richelieu-4260325-1536x1025.jpg 1536w, https:\/\/ecole-famille-communaute.fse.ulaval.ca\/\/app\/uploads\/2026\/05\/pexels-august-de-richelieu-4260325-2048x1367.jpg 2048w\" sizes=\"auto, (max-width: 1024px) 100vw, 1024px\" \/><\/figure>\n<\/div>\n\n\n\n<div class=\"wp-block-column is-layout-flow wp-block-column-is-layout-flow\">\n<figure class=\"wp-block-image size-large\"><a href=\"https:\/\/ecole-famille-communaute.fse.ulaval.ca\/\/app\/uploads\/2026\/05\/Facteurs_lies_a_la_SBP_des_parents.pdf\" target=\"_blank\" rel=\" noreferrer noopener\"><img loading=\"lazy\" decoding=\"async\" width=\"789\" height=\"1024\" src=\"https:\/\/ecole-famille-communaute.fse.ulaval.ca\/\/app\/uploads\/2026\/05\/info.determinants1-789x1024.png\" alt=\"\" class=\"wp-image-688\" srcset=\"https:\/\/ecole-famille-communaute.fse.ulaval.ca\/\/app\/uploads\/2026\/05\/info.determinants1-789x1024.png 789w, https:\/\/ecole-famille-communaute.fse.ulaval.ca\/\/app\/uploads\/2026\/05\/info.determinants1-231x300.png 231w, https:\/\/ecole-famille-communaute.fse.ulaval.ca\/\/app\/uploads\/2026\/05\/info.determinants1-768x997.png 768w, https:\/\/ecole-famille-communaute.fse.ulaval.ca\/\/app\/uploads\/2026\/05\/info.determinants1-1183x1536.png 1183w, https:\/\/ecole-famille-communaute.fse.ulaval.ca\/\/app\/uploads\/2026\/05\/info.determinants1-1578x2048.png 1578w, https:\/\/ecole-famille-communaute.fse.ulaval.ca\/\/app\/uploads\/2026\/05\/info.determinants1-scaled.png 1972w\" sizes=\"auto, (max-width: 789px) 100vw, 789px\" \/><\/a><\/figure>\n<\/div>\n<\/div>\n\n\n\n<p class=\"wp-block-paragraph\">Bourret, M., Boisclair-Ch\u00e2teauvert. G., &amp; Ratelle, C.F. (2024, June). Les facteurs li\u00e9s \u00e0 la satisfaction des besoins psychologiques des parents dans l\u2019accompagnement scolaire de leur enfant. [Infographic].<\/p>\n<div class=\"clearFix\"><\/div><\/div><\/section>\n","protected":false},"author":12,"featured_media":687,"template":"","categorie_ressources":[75],"public_vise":[79,80],"sujets_ressources":[83],"class_list":["post-1427","ressources","type-ressources","status-publish","has-post-thumbnail","hentry","categorie_ressources-infographic","public_vise-parents","public_vise-school-staff","sujets_ressources-needs"],"acf":[],"_links":{"self":[{"href":"https:\/\/ecole-famille-communaute.fse.ulaval.ca\/en\/wp-json\/wp\/v2\/ressources\/1427","targetHints":{"allow":["GET"]}}],"collection":[{"href":"https:\/\/ecole-famille-communaute.fse.ulaval.ca\/en\/wp-json\/wp\/v2\/ressources"}],"about":[{"href":"https:\/\/ecole-famille-communaute.fse.ulaval.ca\/en\/wp-json\/wp\/v2\/types\/ressources"}],"author":[{"embeddable":true,"href":"https:\/\/ecole-famille-communaute.fse.ulaval.ca\/en\/wp-json\/wp\/v2\/users\/12"}],"version-history":[{"count":3,"href":"https:\/\/ecole-famille-communaute.fse.ulaval.ca\/en\/wp-json\/wp\/v2\/ressources\/1427\/revisions"}],"predecessor-version":[{"id":1430,"href":"https:\/\/ecole-famille-communaute.fse.ulaval.ca\/en\/wp-json\/wp\/v2\/ressources\/1427\/revisions\/1430"}],"wp:featuredmedia":[{"embeddable":true,"href":"https:\/\/ecole-famille-communaute.fse.ulaval.ca\/en\/wp-json\/wp\/v2\/media\/687"}],"wp:attachment":[{"href":"https:\/\/ecole-famille-communaute.fse.ulaval.ca\/en\/wp-json\/wp\/v2\/media?parent=1427"}],"wp:term":[{"taxonomy":"categorie_ressources","embeddable":true,"href":"https:\/\/ecole-famille-communaute.fse.ulaval.ca\/en\/wp-json\/wp\/v2\/categorie_ressources?post=1427"},{"taxonomy":"public_vise","embeddable":true,"href":"https:\/\/ecole-famille-communaute.fse.ulaval.ca\/en\/wp-json\/wp\/v2\/public_vise?post=1427"},{"taxonomy":"sujets_ressources","embeddable":true,"href":"https:\/\/ecole-famille-communaute.fse.ulaval.ca\/en\/wp-json\/wp\/v2\/sujets_ressources?post=1427"}],"curies":[{"name":"wp","href":"https:\/\/api.w.org\/{rel}","templated":true}]}}

<section class="wp-block-csrtcommun-gutenberg-block-bloc-strate  strate bg-undefined" aria-label=""><div class="strate-contenu">
<div class="wp-block-columns is-layout-flex wp-container-core-columns-is-layout-8f761849 wp-block-columns-is-layout-flex">
<div class="wp-block-column is-layout-flow wp-block-column-is-layout-flow">
<p class="wp-block-paragraph">What factors contribute to parents’ psychological need satisfaction in the context of their involvement in their child’s schooling? How are the school environment, child characteristics, and parent characteristics related to parents’ psychological need satisfaction?</p>



<p class="wp-block-paragraph">This infographic presents factors associated with parents’ psychological needs satisfaction in supporting their child’s schooling.</p>



<p class="wp-block-paragraph">Click on the image below to view the full infographic.</p>



<figure class="wp-block-image size-large"><img loading="lazy" decoding="async" width="1024" height="683" src="https://ecole-famille-communaute.fse.ulaval.ca//app/uploads/2026/05/pexels-august-de-richelieu-4260325-1024x683.jpg" alt="" class="wp-image-686" srcset="https://ecole-famille-communaute.fse.ulaval.ca//app/uploads/2026/05/pexels-august-de-richelieu-4260325-1024x683.jpg 1024w, https://ecole-famille-communaute.fse.ulaval.ca//app/uploads/2026/05/pexels-august-de-richelieu-4260325-300x200.jpg 300w, https://ecole-famille-communaute.fse.ulaval.ca//app/uploads/2026/05/pexels-august-de-richelieu-4260325-768x513.jpg 768w, https://ecole-famille-communaute.fse.ulaval.ca//app/uploads/2026/05/pexels-august-de-richelieu-4260325-1536x1025.jpg 1536w, https://ecole-famille-communaute.fse.ulaval.ca//app/uploads/2026/05/pexels-august-de-richelieu-4260325-2048x1367.jpg 2048w" sizes="auto, (max-width: 1024px) 100vw, 1024px" /></figure>
</div>



<div class="wp-block-column is-layout-flow wp-block-column-is-layout-flow">
<figure class="wp-block-image size-large"><a href="https://ecole-famille-communaute.fse.ulaval.ca//app/uploads/2026/05/Facteurs_lies_a_la_SBP_des_parents.pdf" target="_blank" rel=" noreferrer noopener"><img loading="lazy" decoding="async" width="789" height="1024" src="https://ecole-famille-communaute.fse.ulaval.ca//app/uploads/2026/05/info.determinants1-789x1024.png" alt="" class="wp-image-688" srcset="https://ecole-famille-communaute.fse.ulaval.ca//app/uploads/2026/05/info.determinants1-789x1024.png 789w, https://ecole-famille-communaute.fse.ulaval.ca//app/uploads/2026/05/info.determinants1-231x300.png 231w, https://ecole-famille-communaute.fse.ulaval.ca//app/uploads/2026/05/info.determinants1-768x997.png 768w, https://ecole-famille-communaute.fse.ulaval.ca//app/uploads/2026/05/info.determinants1-1183x1536.png 1183w, https://ecole-famille-communaute.fse.ulaval.ca//app/uploads/2026/05/info.determinants1-1578x2048.png 1578w, https://ecole-famille-communaute.fse.ulaval.ca//app/uploads/2026/05/info.determinants1-scaled.png 1972w" sizes="auto, (max-width: 789px) 100vw, 789px" /></a></figure>
</div>
</div>



<p class="wp-block-paragraph">Bourret, M., Boisclair-Châteauvert. G., &amp; Ratelle, C.F. (2024, June). Les facteurs liés à la satisfaction des besoins psychologiques des parents dans l’accompagnement scolaire de leur enfant. [Infographic].</p>
<div class="clearFix"></div></div></section>
